est common divisor of 174 and 23229?
87
Calculate the greatest common divisor of 548 and 1266154.
274
What is the highest common divisor of 422 and 7110278?
422
Calculate the greatest common factor of 7 and 2296294.
7
What is the greatest common divisor of 195 and 91065?
195
Calculate the greatest common divisor of 185 and 335035.
185
Calculate the highest common factor of 227571 and 93.
93
What is the highest common factor of 2415 and 1899915?
345
What is the greatest common factor of 1362 and 4665?
3
What is the highest common divisor of 55350 and 11925?
225
Calculate the highest common factor of 559 and 220977.
43
Calculate the greatest common divisor of 534585 and 5495.
785
Calculate the highest common factor of 1102 and 91181.
19
What is the greatest common factor of 88544 and 544?
32
What is the highest common divisor of 95 and 61465?
95
What is the highest common factor of 3072 and 4320?
96
Calculate the highest common divisor of 24834 and 51.
3
What is the highest common factor of 8794 and 32?
2
Calculate the greatest common factor of 600 and 318300.
300
What is the highest common divisor of 64 and 3092?
4
What is the greatest common divisor of 245 and 549731?
49
What is the greatest common factor of 2425 and 8245?
485
Calculate the greatest common factor of 42942 and 204.
102
Calculate the highest common divisor of 1131158 and 1806.
602
What is the highest common divisor of 714 and 217014?
42
Calculate the highest common factor of 6 and 2438.
2
What is the highest common factor of 14477 and 899?
31
What is the greatest common factor of 9832 and 704217?
1229
What is the greatest common divisor of 784 and 35056?
112
What is the greatest common factor of 1068 and 5100?
12
Calculate the highest common divisor of 391236 and 12.
12
What is the highest common factor of 542 and 42?
2
What is the greatest common factor of 9371967 and 534?
267
What is the highest common factor of 1677870 and 45?
45
What is the greatest common divisor of 96508 and 460?
92
Calculate the greatest common factor of 44404 and 1700.
68
Calculate the greatest common divisor of 1042517 and 14.
7
What is the greatest common divisor of 40 and 13190?
10
What is the highest common factor of 393624 and 213?
213
Calculate the greatest common factor of 1190 and 20.
10
Calculate the highest common factor of 1126 and 4957778.
1126
What is the greatest common factor of 33014 and 170?
34
Calculate the highest common factor of 10 and 143680.
10
Calculate the greatest common divisor of 32 and 1022608.
16
What is the greatest common divisor of 153 and 87543?
9
What is the highest common factor of 826 and 128443?
413
Calculate the highest common factor of 107018 and 876.
146
What is the greatest common divisor of 47829 and 33063?
321
Calculate the highest common factor of 76937 and 203.
203
What is the highest common divisor of 6118 and 244881?
161
Calculate the highest common factor of 488 and 3424.
8
Calculate the highest common factor of 159 and 93598.
53
What is the highest common factor of 13555 and 160?
5
What is the greatest common factor of 62593 and 13568?
53
Calculate the greatest common divisor of 724984 and 13.
13
Calculate the highest common factor of 2800 and 188400.
400
What is the highest common factor of 3990 and 7155?
15
What is the greatest common factor of 3550 and 112890?
710
Calculate the greatest common factor of 123 and 27593.
41
Calculate the greatest common divisor of 10 and 1843330.
10
What is the greatest common factor of 9950 and 29950?
50
Calculate the greatest common divisor of 1012 and 71093.
253
Calculate the highest common divisor of 5977904 and 8.
8
What is the highest common divisor of 2055 and 27537?
411
What is the greatest common divisor of 25725 and 1365?
105
Calculate the greatest common divisor of 378965 and 10.
5
Calculate the greatest common factor of 22764 and 33062.
542
What is the highest common factor of 29 and 1247?
29
What is the greatest common divisor of 3424691 and 113?
113
Calculate the greatest common divisor of 486 and 31833.
243
Calculate the greatest common factor of 748 and 2216.
4
Calculate the greatest common factor of 450 and 1100.
50
Calculate the greatest common factor of 155656 and 8.
8
Calculate the greatest common divisor of 60760 and 1860.
620
What is the greatest common factor of 3 and 6285?
3
Calculate the highest common divisor of 4247 and 93571.
137
Calculate the highest common divisor of 280 and 822710.
70
What is the highest common factor of 2878795 and 23?
23
Calculate the highest common divisor of 119 and 35.
7
What is the highest common divisor of 2397 and 390201?
51
What is the highest common factor of 4460 and 540?
20
Calculate the greatest common divisor of 103334 and 231.
77
Calculate the highest common divisor of 37248 and 31872.
384
Calculate the greatest common factor of 510 and 63852.
102
Calculate the greatest common factor of 13391 and 14.
7
What is the highest common divisor of 8955 and 360?
45
What is the highest common divisor of 100 and 67140?
20
Calculate the highest common factor of 851155 and 5.
5
What is the highest common divisor of 54 and 11286?
54
Calculate the greatest common factor of 20852 and 364.
52
What is the greatest common factor of 24828 and 84?
12
What is the greatest common divisor of 1620 and 1790?
10
Calculate the highest common factor of 4862 and 3621.
17
Calculate the highest common factor of 87948 and 2289.
21
What is the greatest common factor of 445149 and 27?
27
Calculate the greatest common divisor of 11932 and 16956.
628
What is the greatest common divisor of 113 and 77179?
113
What is the highest common factor of 5584 and 287576?
2792
Calculate the highest common divisor of 615 and 186837.
123
What is the greatest common divisor of 1364 and 1984?
124
What is the greatest common divisor of 301 and 40453?
7
What is the greatest common divisor of 120 and 2903655?
15
Calculate the greatest common divisor of 5096395 and 5725.
1145
What is the greatest common divisor of 3724 and 52?
4
Calculate the highest common divisor of 584064 and 2535.
507
What is the greatest common divisor of 18228 and 1813?
49
What is the highest common factor of 300458 and 34?
34
What is the highest common factor of 91 and 85631?
91
What is the greatest common divisor of 27 and 482787?
27
Calculate the greatest common factor of 426 and 39486.
6
What is the highest common factor of 50 and 89200?
50
Calculate the highest common divisor of 364 and 1600.
4
What is the highest common factor of 41272 and 871?
67
What is the highest common divisor of 4 and 28076?
4
What is the greatest common factor of 10020 and 870?
30
Calculate the greatest common factor of 12893570 and 10.
10
Calculate the highest common divisor of 4319659 and 1094.
547
What is the greatest common factor of 72 and 6744?
24
Calculate the highest common factor of 108281 and 205.
41
What is the greatest common divisor of 1001429 and 1192?
149
Calculate the greatest common factor of 64 and 848.
16
What is the greatest common divisor of 680 and 474200?
40
Calculate the greatest common divisor of 4140 and 115650.
90
What is the greatest common factor of 50 and 19725?
25
Calculate the greatest common factor of 434 and 558.
62
What is the highest common factor of 456 and 79819?
19
Calculate the highest common factor of 1884561 and 903.
903
What is the highest common divisor of 1025 and 1165?
5
Calculate the greatest common divisor of 420 and 581070.
210
What is the highest common factor of 118230 and 70?
70
Calculate the highest common divisor of 648 and 46737.
81
What is the greatest common factor of 26012 and 224?
28
What is the highest common divisor of 1205564 and 123?
41
Calculate the highest common divisor of 54876 and 2076.
12
Calculate the greatest common factor of 7095 and 2112.
33
What is the highest common factor of 503184 and 19536?
528
Calculate the highest common divisor of 100800 and 170.
10
What is the highest common factor of 37752 and 208?
104
Calculate the highest common divisor of 1161226 and 4.
2
Calculate the greatest common divisor of 35843 and 730.
73
Calculate the highest common divisor of 52 and 496626.
26
Calculate the greatest common factor of 39126 and 2.
2
What is the greatest common divisor of 338 and 3684